{"id":2,"date":"2013-11-06T11:55:36","date_gmt":"2013-11-06T11:55:36","guid":{"rendered":"https:\/\/lucholacanna.com.ar\/reservorio\/?page_id=2"},"modified":"2025-01-22T19:19:00","modified_gmt":"2025-01-22T19:19:00","slug":"pagina-ejemplo","status":"publish","type":"page","link":"https:\/\/chicasentecnologia.org\/materiales-educativos\/","title":{"rendered":"P\u00e1gina de ejemplo"},"content":{"rendered":"\t\t<div data-elementor-type=\"wp-page\" data-elementor-id=\"2\" class=\"elementor elementor-2\">\n\t\t\t\t<div class=\"elementor-element elementor-element-4c39f69 e-flex e-con-boxed e-con e-parent\" data-id=\"4c39f69\" data-element_type=\"container\">\n\t\t\t\t\t<div class=\"e-con-inner\">\n\t\t\t\t<div class=\"elementor-element elementor-element-ed26c6d elementor-widget elementor-widget-text-editor\" data-id=\"ed26c6d\" data-element_type=\"widget\" data-widget_type=\"text-editor.default\">\n\t\t\t\t<div class=\"elementor-widget-container\">\n\t\t\t\t\t\t\tEste reservorio busca poner a disposici\u00f3n de docentes y equipos directivos de todos los niveles recursos did\u00e1cticos y herramientas para que puedan asegurar espacios educativos libres de sesgos de g\u00e9nero en sus aulas.\nSe desarrolla en el marco del proyecto <a href=\"https:\/\/chicasentecnologia.org\/trayecto-mujeres-stem\/\" target=\"_blank\" rel=\"noopener\"><span style=\"font-weight: 600; color: #5b0099; text-decoration: none;\">\u00abFortaleciendo la trayectoria en STEM de mujeres j\u00f3venes de Argentina\u00bb<\/span><\/a> de <strong>Chicas en Tecnolog\u00eda<\/strong>, <strong>Fundaci\u00f3n Cimientos<\/strong> y <strong>Ense\u00f1\u00e1 por Argentina<\/strong>, cofinanciado por la <strong><b>Uni\u00f3n Europea.<\/b><\/strong><\/br><\/br><span style=\"font-size:20px\">\n<strong>\u00a1Empecemos! <\/strong>Seleccion\u00e1 la categor\u00eda, el nivel y acced\u00e9 a los recursos.<\/span>\t\t\t\t\t\t<\/div>\n\t\t\t\t<\/div>\n\t\t\t\t\t<\/div>\n\t\t\t\t<\/div>\n\t\t<div class=\"elementor-element elementor-element-5e27ceb elementor-hidden-tablet elementor-hidden-mobile e-flex e-con-boxed e-con e-parent\" data-id=\"5e27ceb\" data-element_type=\"container\">\n\t\t\t\t\t<div class=\"e-con-inner\">\n\t\t\t\t<div class=\"elementor-element elementor-element-ee0b8ef elementor-widget elementor-widget-image\" data-id=\"ee0b8ef\" data-element_type=\"widget\" data-widget_type=\"image.default\">\n\t\t\t\t<div class=\"elementor-widget-container\">\n\t\t\t\t\t\t\t\t\t\t\t\t\t<img fetchpriority=\"high\" decoding=\"async\" width=\"1024\" height=\"206\" src=\"https:\/\/chicasentecnologia.org\/materiales-educativos\/wp-content\/uploads\/2024\/12\/fotolanding-1024x206.jpg\" class=\"attachment-large size-large wp-image-537\" alt=\"\" srcset=\"https:\/\/chicasentecnologia.org\/materiales-educativos\/wp-content\/uploads\/2024\/12\/fotolanding-1024x206.jpg 1024w, https:\/\/chicasentecnologia.org\/materiales-educativos\/wp-content\/uploads\/2024\/12\/fotolanding-300x60.jpg 300w, https:\/\/chicasentecnologia.org\/materiales-educativos\/wp-content\/uploads\/2024\/12\/fotolanding-768x155.jpg 768w, https:\/\/chicasentecnologia.org\/materiales-educativos\/wp-content\/uploads\/2024\/12\/fotolanding.jpg 1240w\" sizes=\"(max-width: 1024px) 100vw, 1024px\" \/>\t\t\t\t\t\t\t\t\t\t\t\t\t<\/div>\n\t\t\t\t<\/div>\n\t\t\t\t\t<\/div>\n\t\t\t\t<\/div>\n\t\t<div class=\"elementor-element elementor-element-f6bb650 elementor-hidden-desktop e-flex e-con-boxed e-con e-parent\" data-id=\"f6bb650\" data-element_type=\"container\">\n\t\t\t\t\t<div class=\"e-con-inner\">\n\t\t\t\t<div class=\"elementor-element elementor-element-1d9cc0d elementor-widget elementor-widget-image\" data-id=\"1d9cc0d\" data-element_type=\"widget\" data-widget_type=\"image.default\">\n\t\t\t\t<div class=\"elementor-widget-container\">\n\t\t\t\t\t\t\t\t\t\t\t\t\t<img decoding=\"async\" width=\"1024\" height=\"683\" src=\"https:\/\/chicasentecnologia.org\/materiales-educativos\/wp-content\/uploads\/2024\/12\/Profesional-de-Ensena-por-Argentina-brindando-un-taller-en-Chicas-Lideres-2-1024x683.jpg\" class=\"attachment-large size-large wp-image-271\" alt=\"\" srcset=\"https:\/\/chicasentecnologia.org\/materiales-educativos\/wp-content\/uploads\/2024\/12\/Profesional-de-Ensena-por-Argentina-brindando-un-taller-en-Chicas-Lideres-2-1024x683.jpg 1024w, https:\/\/chicasentecnologia.org\/materiales-educativos\/wp-content\/uploads\/2024\/12\/Profesional-de-Ensena-por-Argentina-brindando-un-taller-en-Chicas-Lideres-2-300x200.jpg 300w, https:\/\/chicasentecnologia.org\/materiales-educativos\/wp-content\/uploads\/2024\/12\/Profesional-de-Ensena-por-Argentina-brindando-un-taller-en-Chicas-Lideres-2-768x512.jpg 768w, https:\/\/chicasentecnologia.org\/materiales-educativos\/wp-content\/uploads\/2024\/12\/Profesional-de-Ensena-por-Argentina-brindando-un-taller-en-Chicas-Lideres-2-1536x1024.jpg 1536w, https:\/\/chicasentecnologia.org\/materiales-educativos\/wp-content\/uploads\/2024\/12\/Profesional-de-Ensena-por-Argentina-brindando-un-taller-en-Chicas-Lideres-2-2048x1365.jpg 2048w\" sizes=\"(max-width: 1024px) 100vw, 1024px\" \/>\t\t\t\t\t\t\t\t\t\t\t\t\t<\/div>\n\t\t\t\t<\/div>\n\t\t\t\t\t<\/div>\n\t\t\t\t<\/div>\n\t\t<div class=\"elementor-element elementor-element-c4f110a e-flex e-con-boxed e-con e-parent\" data-id=\"c4f110a\" data-element_type=\"container\">\n\t\t\t\t\t<div class=\"e-con-inner\">\n\t\t\t\t<div class=\"elementor-element elementor-element-96884e0 elementor-widget elementor-widget-html\" data-id=\"96884e0\" data-element_type=\"widget\" data-widget_type=\"html.default\">\n\t\t\t\t<div class=\"elementor-widget-container\">\n\t\t\t<div id=\"filter-results\">\n    <!-- Aqu\u00ed se cargar\u00e1n los resultados -->\n<\/div>\t\t<\/div>\n\t\t\t\t<\/div>\n\t\t\t\t\t<\/div>\n\t\t\t\t<\/div>\n\t\t\t\t<\/div>\n\t\t","protected":false},"excerpt":{"rendered":"<p>Este reservorio busca poner a disposici\u00f3n de docentes y equipos directivos de todos los niveles recursos did\u00e1cticos y herramientas para [&hellip;]<\/p>\n","protected":false},"author":2,"featured_media":0,"parent":0,"menu_order":0,"comment_status":"closed","ping_status":"closed","template":"","meta":{"site-sidebar-layout":"default","site-content-layout":"","ast-site-content-layout":"","site-content-style":"default","site-sidebar-style":"default","ast-global-header-display":"","ast-banner-title-visibility":"","ast-main-header-display":"","ast-hfb-above-header-display":"","ast-hfb-below-header-display":"","ast-hfb-mobile-header-display":"","site-post-title":"","ast-breadcrumbs-content":"","ast-featured-img":"","footer-sml-layout":"","theme-transparent-header-meta":"","adv-header-id-meta":"","stick-header-meta":"","header-above-stick-meta":"","header-main-stick-meta":"","header-below-stick-meta":"","astra-migrate-meta-layouts":"default","ast-page-background-enabled":"default","ast-page-background-meta":{"desktop":{"background-color":"var(--ast-global-color-4)","background-image":"","background-repeat":"repeat","background-position":"center center","background-size":"auto","background-attachment":"scroll","background-type":"","background-media":"","overlay-type":"","overlay-color":"","overlay-opacity":"","overlay-gradient":""},"tablet":{"background-color":"","background-image":"","background-repeat":"repeat","background-position":"center center","background-size":"auto","background-attachment":"scroll","background-type":"","background-media":"","overlay-type":"","overlay-color":"","overlay-opacity":"","overlay-gradient":""},"mobile":{"background-color":"","background-image":"","background-repeat":"repeat","background-position":"center center","background-size":"auto","background-attachment":"scroll","background-type":"","background-media":"","overlay-type":"","overlay-color":"","overlay-opacity":"","overlay-gradient":""}},"ast-content-background-meta":{"desktop":{"background-color":"var(--ast-global-color-5)","background-image":"","background-repeat":"repeat","background-position":"center center","background-size":"auto","background-attachment":"scroll","background-type":"","background-media":"","overlay-type":"","overlay-color":"","overlay-opacity":"","overlay-gradient":""},"tablet":{"background-color":"var(--ast-global-color-5)","background-image":"","background-repeat":"repeat","background-position":"center center","background-size":"auto","background-attachment":"scroll","background-type":"","background-media":"","overlay-type":"","overlay-color":"","overlay-opacity":"","overlay-gradient":""},"mobile":{"background-color":"var(--ast-global-color-5)","background-image":"","background-repeat":"repeat","background-position":"center center","background-size":"auto","background-attachment":"scroll","background-type":"","background-media":"","overlay-type":"","overlay-color":"","overlay-opacity":"","overlay-gradient":""}},"footnotes":""},"nivel":[],"categoria":[],"class_list":["post-2","page","type-page","status-publish","hentry"],"_links":{"self":[{"href":"https:\/\/chicasentecnologia.org\/materiales-educativos\/wp-json\/wp\/v2\/pages\/2","targetHints":{"allow":["GET"]}}],"collection":[{"href":"https:\/\/chicasentecnologia.org\/materiales-educativos\/wp-json\/wp\/v2\/pages"}],"about":[{"href":"https:\/\/chicasentecnologia.org\/materiales-educativos\/wp-json\/wp\/v2\/types\/page"}],"author":[{"embeddable":true,"href":"https:\/\/chicasentecnologia.org\/materiales-educativos\/wp-json\/wp\/v2\/users\/2"}],"replies":[{"embeddable":true,"href":"https:\/\/chicasentecnologia.org\/materiales-educativos\/wp-json\/wp\/v2\/comments?post=2"}],"version-history":[{"count":111,"href":"https:\/\/chicasentecnologia.org\/materiales-educativos\/wp-json\/wp\/v2\/pages\/2\/revisions"}],"predecessor-version":[{"id":747,"href":"https:\/\/chicasentecnologia.org\/materiales-educativos\/wp-json\/wp\/v2\/pages\/2\/revisions\/747"}],"wp:attachment":[{"href":"https:\/\/chicasentecnologia.org\/materiales-educativos\/wp-json\/wp\/v2\/media?parent=2"}],"wp:term":[{"taxonomy":"nivel","embeddable":true,"href":"https:\/\/chicasentecnologia.org\/materiales-educativos\/wp-json\/wp\/v2\/nivel?post=2"},{"taxonomy":"categoria","embeddable":true,"href":"https:\/\/chicasentecnologia.org\/materiales-educativos\/wp-json\/wp\/v2\/categoria?post=2"}],"curies":[{"name":"wp","href":"https:\/\/api.w.org\/{rel}","templated":true}]}}